te the highest common divisor of 49 and 727.
1
Calculate the greatest common divisor of 4298 and 18578.
14
What is the greatest common factor of 42 and 4122?
6
What is the highest common divisor of 8343 and 5253?
309
Calculate the highest common divisor of 27744 and 480.
96
What is the highest common factor of 1905 and 45?
15
What is the greatest common factor of 100 and 40450?
50
What is the highest common factor of 154 and 3724?
14
What is the highest common factor of 98 and 937216?
14
What is the greatest common factor of 420 and 15480?
60
What is the highest common factor of 53 and 94658?
53
Calculate the highest common factor of 407325 and 75.
75
What is the greatest common factor of 585 and 1527786?
117
What is the greatest common factor of 397 and 5995097?
397
What is the greatest common divisor of 560431 and 674?
337
What is the greatest common factor of 16055 and 2873?
169
Calculate the highest common divisor of 528 and 233343.
33
Calculate the greatest common factor of 3944 and 2088.
232
Calculate the highest common divisor of 221088 and 448.
224
Calculate the highest common factor of 248 and 11272.
8
What is the highest common factor of 2068 and 407?
11
What is the highest common divisor of 176 and 1312?
16
Calculate the highest common factor of 27155 and 20.
5
What is the highest common divisor of 4777 and 7718?
17
What is the greatest common divisor of 1612386 and 162?
162
What is the highest common factor of 1239310 and 70?
10
What is the highest common factor of 41905 and 3230?
85
Calculate the highest common divisor of 210 and 141582.
42
What is the highest common divisor of 486 and 1495422?
486
Calculate the highest common factor of 141797 and 5707.
439
What is the highest common factor of 870 and 1653?
87
Calculate the greatest common divisor of 3472 and 14198.
62
Calculate the greatest common factor of 98622 and 108.
18
What is the highest common factor of 22968 and 2728?
88
Calculate the highest common divisor of 801 and 9.
9
What is the highest common factor of 69020 and 63?
7
Calculate the greatest common divisor of 84581 and 4777.
281
Calculate the greatest common factor of 2806 and 92.
46
What is the highest common factor of 4836 and 21948?
372
Calculate the greatest common factor of 525139 and 241.
241
What is the greatest common factor of 474 and 163846?
158
Calculate the greatest common factor of 187 and 76160.
17
Calculate the greatest common divisor of 497 and 396109.
497
Calculate the highest common divisor of 32 and 26152.
8
Calculate the greatest common factor of 5 and 73055.
5
What is the highest common factor of 47138 and 34006?
98
What is the greatest common divisor of 1797465 and 45?
15
What is the highest common factor of 1727 and 10048?
157
Calculate the highest common divisor of 161 and 140254.
23
Calculate the greatest common factor of 1183944 and 48.
24
What is the highest common divisor of 19 and 2256?
1
Calculate the highest common factor of 160479 and 792.
99
What is the highest common factor of 2880856 and 176?
88
What is the highest common divisor of 176 and 1039760?
16
Calculate the greatest common divisor of 54252 and 72.
36
Calculate the highest common divisor of 138785 and 4062.
677
Calculate the highest common divisor of 500695 and 130.
65
Calculate the highest common factor of 26350 and 20.
10
What is the greatest common divisor of 51779 and 13087?
569
Calculate the highest common factor of 978835 and 1430.
715
Calculate the greatest common divisor of 4 and 2381.
1
What is the greatest common divisor of 26880 and 1190?
70
What is the greatest common divisor of 4246452 and 1096?
548
Calculate the highest common factor of 150535 and 154.
77
Calculate the greatest common divisor of 30282 and 1764.
294
What is the greatest common divisor of 3260006 and 58?
58
What is the greatest common factor of 13750 and 88?
22
What is the highest common factor of 140 and 46214?
14
What is the highest common factor of 920 and 5842?
46
What is the highest common divisor of 15 and 265195?
5
Calculate the highest common factor of 12350 and 633100.
650
What is the highest common factor of 7 and 107366?
7
What is the greatest common factor of 173206 and 22?
22
Calculate the highest common divisor of 245 and 652995.
35
Calculate the highest common divisor of 45825 and 17275.
25
What is the greatest common divisor of 244 and 464027?
61
Calculate the highest common factor of 73 and 473843.
73
What is the highest common divisor of 580080 and 1080?
120
What is the highest common factor of 309843 and 9?
9
Calculate the greatest common factor of 44 and 3244.
4
What is the greatest common divisor of 1372 and 21903?
49
What is the greatest common divisor of 6897 and 7524?
627
Calculate the greatest common factor of 181596 and 1332.
444
What is the greatest common factor of 352 and 664?
8
Calculate the highest common divisor of 128 and 1594.
2
Calculate the greatest common factor of 55 and 35915.
55
Calculate the greatest common divisor of 392 and 5624.
8
Calculate the greatest common factor of 185 and 336145.
185
What is the highest common factor of 21 and 58224?
3
Calculate the greatest common factor of 332 and 7252208.
332
Calculate the highest common divisor of 42 and 19894.
14
Calculate the highest common divisor of 278688 and 9216.
96
Calculate the highest common factor of 99353 and 2117.
73
What is the greatest common divisor of 57108 and 96?
12
Calculate the greatest common divisor of 64 and 8376.
8
What is the highest common divisor of 554673 and 11529?
1281
Calculate the greatest common factor of 909058 and 102.
34
What is the highest common factor of 1127720 and 3080?
440
What is the greatest common factor of 54702 and 54?
54
What is the greatest common divisor of 106 and 134037?
53
What is the highest common divisor of 128 and 206464?
128
Calculate the greatest common divisor of 8229 and 23632.
211
Calculate the highest common factor of 7472 and 856.
8
Calculate the highest common divisor of 3972 and 36804.
12
What is the highest common factor of 8 and 130840?
8
Calculate the greatest common factor of 60 and 208365.
15
What is the greatest common factor of 59 and 1157344?
59
Calculate the greatest common factor of 40930 and 710.
10
Calculate the highest common divisor of 1738 and 4424.
158
What is the highest common factor of 3400 and 12800?
200
Calculate the highest common divisor of 496 and 172484.
124
What is the greatest common factor of 2435 and 500?
5
What is the greatest common factor of 2073 and 642?
3
Calculate the greatest common factor of 264 and 3624.
24
Calculate the greatest common divisor of 24150 and 378.
42
Calculate the highest common factor of 23200 and 1280.
160
Calculate the highest common divisor of 362779 and 207.
23
What is the highest common divisor of 1284672 and 336?
48
Calculate the highest common divisor of 12504 and 408.
24
Calculate the greatest common divisor of 44872 and 8216.
632
Calculate the highest common divisor of 3098848 and 96.
32
What is the greatest common factor of 299 and 211991?
299
Calculate the greatest common factor of 544166 and 94.
94
Calculate the highest common divisor of 52848 and 144.
144
What is the greatest common divisor of 752 and 913116?
188
What is the highest common factor of 253 and 1334?
23
Calculate the highest common divisor of 154 and 11718.
14
What is the highest common factor of 45824 and 57101?
179
Calculate the highest common divisor of 5750587 and 389.
389
Calculate the greatest common divisor of 4123 and 152.
19
Calculate the highest common factor of 1376 and 56029.
43
Calculate the highest common factor of 448 and 82624.
64
What is the greatest common divisor of 189350 and 35?
35
Calculate the greatest common factor of 545 and 290.
5
Calculate the greatest common factor of 2055 and 436345.
685
What is the greatest common factor of 293624 and 1904?
136
Calculate the highest common factor of 48657 and 441.
147
Calculate the highest common factor of 1830 and 297558.
366
Calculate the greatest common divisor of 120 and 1434.
6
What is the greatest common divisor of 7614 and 2979?
9
What is the highest common factor of 92 and 101959?
23
Calculate the greatest common factor of 70 and 6559.
7
What is the highest common factor of 6461 and 29575